t is the thousands digit of 64862?
4
What is the units digit of 882577?
7
What is the hundreds digit of 167901?
9
What is the units digit of 3763483?
3
What is the tens digit of 990110?
1
What is the thousands digit of 544793?
4
What is the hundred thousands digit of 31586345?
5
What is the hundreds digit of 99199?
1
What is the thousands digit of 1282502?
2
What is the ten thousands digit of 310405?
1
What is the hundreds digit of 104293?
2
What is the tens digit of 34112?
1
What is the units digit of 12687543?
3
What is the ten thousands digit of 7637798?
3
What is the ten thousands digit of 528581?
2
What is the hundred thousands digit of 1049708?
0
What is the thousands digit of 511342?
1
What is the hundreds digit of 40144194?
1
What is the tens digit of 5869?
6
What is the ten millions digit of 15452997?
1
What is the tens digit of 461340?
4
What is the tens digit of 468120?
2
What is the thousands digit of 188920?
8
What is the units digit of 1134718?
8
What is the hundreds digit of 109115?
1
What is the ten thousands digit of 1195761?
9
What is the units digit of 27448?
8
What is the hundreds digit of 9583331?
3
What is the thousands digit of 1888871?
8
What is the ten thousands digit of 1228737?
2
What is the tens digit of 1112737?
3
What is the ten thousands digit of 11242690?
4
What is the thousands digit of 169928?
9
What is the hundred thousands digit of 678148?
6
What is the tens digit of 4229732?
3
What is the thousands digit of 36359?
6
What is the units digit of 2263478?
8
What is the units digit of 308412?
2
What is the units digit of 406220?
0
What is the units digit of 189937?
7
What is the units digit of 219114?
4
What is the ten thousands digit of 150464?
5
What is the hundred thousands digit of 1695282?
6
What is the hundreds digit of 2997318?
3
What is the thousands digit of 682077?
2
What is the ten thousands digit of 26341313?
4
What is the ten thousands digit of 22812?
2
What is the ten thousands digit of 942458?
4
What is the thousands digit of 7770465?
0
What is the hundreds digit of 940859?
8
What is the tens digit of 1055609?
0
What is the thousands digit of 1183162?
3
What is the tens digit of 8236355?
5
What is the tens digit of 130698?
9
What is the tens digit of 589346?
4
What is the hundred thousands digit of 802236?
8
What is the hundreds digit of 274035?
0
What is the thousands digit of 158959?
8
What is the units digit of 3589982?
2
What is the units digit of 583167?
7
What is the millions digit of 4899020?
4
What is the units digit of 1438554?
4
What is the units digit of 582052?
2
What is the ten millions digit of 19684053?
1
What is the millions digit of 2383308?
2
What is the hundreds digit of 657127?
1
What is the ten thousands digit of 808590?
0
What is the hundreds digit of 5545621?
6
What is the units digit of 987301?
1
What is the units digit of 8076810?
0
What is the hundreds digit of 14754481?
4
What is the hundred thousands digit of 2030448?
0
What is the hundreds digit of 22459?
4
What is the ten thousands digit of 1287623?
8
What is the thousands digit of 9004151?
4
What is the tens digit of 1592119?
1
What is the tens digit of 1671071?
7
What is the ten thousands digit of 491727?
9
What is the ten thousands digit of 785058?
8
What is the units digit of 76600?
0
What is the tens digit of 754890?
9
What is the units digit of 2028142?
2
What is the units digit of 521632?
2
What is the tens digit of 58056?
5
What is the hundreds digit of 187356?
3
What is the tens digit of 263104?
0
What is the hundreds digit of 454626?
6
What is the tens digit of 4333497?
9
What is the ten thousands digit of 2999795?
9
What is the thousands digit of 1286344?
6
What is the tens digit of 499605?
0
What is the hundreds digit of 3689399?
3
What is the hundreds digit of 35012?
0
What is the ten thousands digit of 28847125?
4
What is the millions digit of 4370505?
4
What is the thousands digit of 154107?
4
What is the hundreds digit of 4419865?
8
What is the tens digit of 11855?
5
What is the ten thousands digit of 722059?
2
What is the units digit of 868605?
5
What is the units digit of 32825896?
6
What is the ten thousands digit of 48654?
4
What is the units digit of 243617?
7
What is the ten thousands digit of 464430?
6
What is the thousands digit of 11681431?
1
What is the ten thousands digit of 11398409?
9
What is the thousands digit of 2153042?
3
What is the hundred thousands digit of 180056?
1
What is the hundred thousands digit of 181626?
1
What is the hundred thousands digit of 2446053?
4
What is the ten thousands digit of 6931333?
3
What is the millions digit of 11024576?
1
What is the tens digit of 610938?
3
What is the tens digit of 321012?
1
What is the units digit of 1727457?
7
What is the millions digit of 20875802?
0
What is the tens digit of 175748?
4
What is the hundreds digit of 2241331?
3
What is the thousands digit of 8579211?
9
What is the hundreds digit of 265239?
2
What is the hundred thousands digit of 10906645?
9
What is the thousands digit of 6362138?
2
What is the hundreds digit of 13551397?
3
What is the ten thousands digit of 68160?
6
What is the thousands digit of 7494987?
4
What is the tens digit of 1118916?
1
What is the ten thousands digit of 241726?
4
What is the ten thousands digit of 714576?
1
What is the hundreds digit of 2033427?
4
What is the thousands digit of 49566?
9
What is the thousands digit of 5789762?
9
What is the tens digit of 20549523?
2
What is the hundreds digit of 45107?
1
What is the hundred thousands digit of 140012?
1
What is the hundreds digit of 683990?
9
What is the ten thousands digit of 4403569?
0
What is the ten thousands digit of 826639?
2
What is the units digit of 279961?
1
What is the thousands digit of 23710833?
0
What is the ten thousands digit of 7533932?
3
What is the millions digit of 4866577?
4
What is the hundred thousands digit of 1852523?
8
What is the ten thousands digit of 24292862?
9
What is the thousands digit of 5260608?
0
What is the hundreds digit of 227042?
0
What is the hundred thousands digit of 5041613?
0
What is the thousands digit of 450589?
0
What is the thousands digit of 4046352?
6
What is the tens digit of 714877?
7
What is the units digit of 27631164?
4
What is the hundreds digit of 6639876?
8
What is the tens digit of 276598?
9
What is the units digit of 122919?
9
What is the tens digit of 7341478?
7
What is the thousands digit of 1106579?
6
What is the units digit of 82843?
3
What is the thousands digit of 5434997?
4
What is the thousands digit of 267437?
7
What is the thousands digit of 1121447?
1
What is the units digit of 12219222?
2
What is the ten thousands digit of 2934000?
3
What is the thousands digit of 2679363?
9
What is the thousands digit of 644464?
4
What is the tens digit of 3136590?
9
What is the hundred thousands digit of 6635860?
6
What is the ten thousands digit of 482265?
8
What is the tens digit of 1877?
7
What is the ten millions digit of 25608427?
2
What is the units digit of 5542444?
4
What is the ten thousands digit of 18951637?
5
What is the hundreds digit of 3051343?
3
What is the hundreds digit of 106922?
9
What is the hundreds digit of 14015166?
1
What is the tens digit of 93673?
7
What is the ten thousands digit of 279397?
7
What is the millions digit of 1407642?
1
What is the tens digit of 714330?
3
What is the tens digit of 401050?
5
What is the hundred thousands digit of 103976?
1
What is the thousands digit of 411430?
1
What is the millions digit of 4127355?
4
What is the millions digit of 16482710?
6
What is the hundreds digit of 25561?
5
What is the units digit of 12677863?
3
What is the units digit of 48156?
6
What is the ten thousands digit of 217587?
1
What is the tens digit of 122876?
7
What is the millions digit of 8315694?
8
What is the tens digit of 9637659?
5
What is the ten thousands digit of 15938250?
3
What is the thousands digit of 1699133?
9
What is the tens digit of 972722?
2
What is the millions digit of 1285957?
1
What is the hundred thousands digit of 597762?
5
What is the tens digit of 333526?
2
What is the thousands digit of 1781457?
1
What is the tens digit of 1413903?
0
What is the thousands digit of 719930?
9
What is the tens digit of 14316528?
2
What is the un